{"id":192,"date":"2017-12-01T05:53:13","date_gmt":"2017-12-01T05:53:13","guid":{"rendered":"http:\/\/www.zsnemyceves.info\/?page_id=192"},"modified":"2025-02-03T12:29:12","modified_gmt":"2025-02-03T12:29:12","slug":"pro-rodice","status":"publish","type":"page","link":"https:\/\/www.zsnemyceves.info\/?page_id=192","title":{"rendered":"UCHAZE\u010cI"},"content":{"rendered":"\n<p>Nov\u00e9 \u017e\u00e1ky p\u0159ij\u00edm\u00e1me v pr\u016fb\u011bhu cel\u00e9ho \u0161koln\u00edho roku. Pro v\u00edce informac\u00ed kontaktujte \u0159editele \u0161koly Mgr. Pavla Bern\u00e9ho.<\/p>\n\n\n\n<div class=\"wp-block-group is-nowrap is-layout-flex wp-container-core-group-is-layout-ad2f72ca wp-block-group-is-layout-flex\"><\/div>\n\n\n\n<ul class=\"wp-block-list\">\n<li><\/li>\n<\/ul>\n\n\n\n<h3 class=\"wp-block-heading\"><a href=\"https:\/\/www.zsnemyceves.info\/?page_id=239\">Aktu\u00e1ln\u00ed informace k z\u00e1pisu do 1. ro\u010dn\u00edku pro \u0161koln\u00ed rok 2025\/2026 zde.<\/a><\/h3>\n","protected":false},"excerpt":{"rendered":"<p>Nov\u00e9 \u017e\u00e1ky p\u0159ij\u00edm\u00e1me v pr\u016fb\u011bhu cel\u00e9ho \u0161koln\u00edho roku. Pro v\u00edce informac\u00ed kontaktujte \u0159editele \u0161koly Mgr. Pavla Bern\u00e9ho. Aktu\u00e1ln\u00ed informace k z\u00e1pisu do 1. ro\u010dn\u00edku pro \u0161koln\u00ed rok 2025\/2026 zde.<\/p>\n","protected":false},"author":1,"featured_media":0,"parent":0,"menu_order":4,"comment_status":"closed","ping_status":"closed","template":"","meta":{"footnotes":""},"class_list":["post-192","page","type-page","status-publish","hentry"],"_links":{"self":[{"href":"https:\/\/www.zsnemyceves.info\/index.php?rest_route=\/wp\/v2\/pages\/192","targetHints":{"allow":["GET"]}}],"collection":[{"href":"https:\/\/www.zsnemyceves.info\/index.php?rest_route=\/wp\/v2\/pages"}],"about":[{"href":"https:\/\/www.zsnemyceves.info\/index.php?rest_route=\/wp\/v2\/types\/page"}],"author":[{"embeddable":true,"href":"https:\/\/www.zsnemyceves.info\/index.php?rest_route=\/wp\/v2\/users\/1"}],"replies":[{"embeddable":true,"href":"https:\/\/www.zsnemyceves.info\/index.php?rest_route=%2Fwp%2Fv2%2Fcomments&post=192"}],"version-history":[{"count":11,"href":"https:\/\/www.zsnemyceves.info\/index.php?rest_route=\/wp\/v2\/pages\/192\/revisions"}],"predecessor-version":[{"id":2500,"href":"https:\/\/www.zsnemyceves.info\/index.php?rest_route=\/wp\/v2\/pages\/192\/revisions\/2500"}],"wp:attachment":[{"href":"https:\/\/www.zsnemyceves.info\/index.php?rest_route=%2Fwp%2Fv2%2Fmedia&parent=192"}],"curies":[{"name":"wp","href":"https:\/\/api.w.org\/{rel}","templated":true}]}}